{"id":1924,"date":"2023-11-13T10:21:27","date_gmt":"2023-11-13T10:21:27","guid":{"rendered":"http:\/\/lavalldecamprodon.online\/?page_id=1924"},"modified":"2023-11-28T15:12:50","modified_gmt":"2023-11-28T15:12:50","slug":"lentitat","status":"publish","type":"page","link":"https:\/\/lavalldecamprodon.com\/?page_id=1924","title":{"rendered":"L&#8217;entitat"},"content":{"rendered":"\t\t<div data-elementor-type=\"wp-page\" data-elementor-id=\"1924\" class=\"elementor elementor-1924\">\n\t\t\t\t\t\t\t<div class=\"elementor-element elementor-element-5a480eb0 e-con-full e-flex e-con e-parent\" data-id=\"5a480eb0\" data-element_type=\"container\" data-settings=\"{&quot;content_width&quot;:&quot;full&quot;}\" data-core-v316-plus=\"true\">\n\t\t\t\t<div class=\"elementor-element elementor-element-3ab0de0e elementor-widget elementor-widget-text-editor\" data-id=\"3ab0de0e\" data-element_type=\"widget\" data-widget_type=\"text-editor.default\">\n\t\t\t\t<div class=\"elementor-widget-container\">\n\t\t\t<style>\/*! elementor - v3.17.0 - 08-11-2023 *\/\n.elementor-widget-text-editor.elementor-drop-cap-view-stacked .elementor-drop-cap{background-color:#69727d;color:#fff}.elementor-widget-text-editor.elementor-drop-cap-view-framed .elementor-drop-cap{color:#69727d;border:3px solid;background-color:transparent}.elementor-widget-text-editor:not(.elementor-drop-cap-view-default) .elementor-drop-cap{margin-top:8px}.elementor-widget-text-editor:not(.elementor-drop-cap-view-default) .elementor-drop-cap-letter{width:1em;height:1em}.elementor-widget-text-editor .elementor-drop-cap{float:left;text-align:center;line-height:1;font-size:50px}.elementor-widget-text-editor .elementor-drop-cap-letter{display:inline-block}<\/style>\t\t\t\t<p><!-- wp:paragraph --><\/p>\n<p>L\u00b4Associaci\u00f3 de comer\u00e7 i turisme de la Vall de Camprodon \u00e9s una entitat constitu\u00efda per la integraci\u00f3 volunt\u00e0ria de qualsevol persona o empresa que dugui a terme qualsevol activitat econ\u00f2mica amb establiment fix a la Vall de Camprodon.<\/p>\n<p><!-- \/wp:paragraph --><\/p>\n<p><!-- wp:paragraph --><\/p>\n<p>La seva finalitat \u00e9s la de representar, gestionar i defensar, aix\u00ed com fomentar els interessos comuns dels seus membres. Localitzada a la Vall de Camprodon i tenint en compte la import\u00e0ncia del sector econ\u00f2mic del comer\u00e7 i del turisme, aquesta Associaci\u00f3 vetllar\u00e0 tamb\u00e9 pel millor desenvolupament, la dinamitzaci\u00f3 i la promoci\u00f3 de quantes activitats puguin afavorir aquest sector.<\/p>\n<p><!-- \/wp:paragraph --><\/p>\n<p><!-- wp:paragraph --><\/p>\n<p>Actualment l\u2019entitat la composen gaireb\u00e9 150 associats, t\u00e9 un \u00e0mbit d\u2019actuaci\u00f3 que s\u00b4est\u00e0 obrint a tota la Vall, i est\u00e0 gestionada per una Junta de 5 membres, tots ells compaginen les tasques pr\u00f2pies de l\u2019associaci\u00f3 amb les dels seus establiments. Aquesta junta es complementa amb la col\u00b7laboraci\u00f3 de l\u00b4AODL de Desenvolupament Rural de la Mancomunitat Intermunicipal de la Vall de Camprodon que t\u00e9 el seu pla de treball dirigit a donar suport t\u00e8cnic a set entitats del territori.<\/p>\n<p><strong>Descarrega&#8217;t el nostre llibret informatiu aqu\u00ed: \u00a0<span style=\"text-decoration: underline;\"><a href=\"http:\/\/lavalldecamprodon.online\/wp-content\/uploads\/2023\/11\/Llibret_Camprodon.pdf\">&gt;LINK DESC\u00c0RREGA&lt;<\/a><\/span><\/strong><\/p>\n<p><!-- \/wp:paragraph --><\/p>\t\t\t\t\t\t<\/div>\n\t\t\t\t<\/div>\n\t\t\t\t<\/div>\n\t\t<div class=\"elementor-element elementor-element-f40565d e-flex e-con-boxed e-con e-parent\" data-id=\"f40565d\" data-element_type=\"container\" data-settings=\"{&quot;content_width&quot;:&quot;boxed&quot;}\" data-core-v316-plus=\"true\">\n\t\t\t\t\t<div class=\"e-con-inner\">\n\t\t\t\t<div class=\"elementor-element elementor-element-6c45342 elementor-widget elementor-widget-image\" data-id=\"6c45342\" data-element_type=\"widget\" data-widget_type=\"image.default\">\n\t\t\t\t<div class=\"elementor-widget-container\">\n\t\t\t<style>\/*! elementor - v3.17.0 - 08-11-2023 *\/\n.elementor-widget-image{text-align:center}.elementor-widget-image a{display:inline-block}.elementor-widget-image a img[src$=\".svg\"]{width:48px}.elementor-widget-image img{vertical-align:middle;display:inline-block}<\/style>\t\t\t\t\t\t\t\t\t\t\t\t<img loading=\"lazy\" decoding=\"async\" width=\"1500\" height=\"713\" src=\"https:\/\/lavalldecamprodon.com\/wp-content\/uploads\/2023\/11\/camprodon_riuter.jpg\" class=\"attachment-1536x1536 size-1536x1536 wp-image-1925\" alt=\"\" srcset=\"https:\/\/lavalldecamprodon.com\/wp-content\/uploads\/2023\/11\/camprodon_riuter.jpg 1500w, https:\/\/lavalldecamprodon.com\/wp-content\/uploads\/2023\/11\/camprodon_riuter-300x143.jpg 300w, https:\/\/lavalldecamprodon.com\/wp-content\/uploads\/2023\/11\/camprodon_riuter-1024x487.jpg 1024w, https:\/\/lavalldecamprodon.com\/wp-content\/uploads\/2023\/11\/camprodon_riuter-768x365.jpg 768w, https:\/\/lavalldecamprodon.com\/wp-content\/uploads\/2023\/11\/camprodon_riuter-450x214.jpg 450w, https:\/\/lavalldecamprodon.com\/wp-content\/uploads\/2023\/11\/camprodon_riuter-700x333.jpg 700w, https:\/\/lavalldecamprodon.com\/wp-content\/uploads\/2023\/11\/camprodon_riuter-600x285.jpg 600w\" sizes=\"auto, (max-width: 1500px) 100vw, 1500px\" \/>\t\t\t\t\t\t\t\t\t\t\t\t\t\t\t<\/div>\n\t\t\t\t<\/div>\n\t\t\t\t\t<\/div>\n\t\t\t\t<\/div>\n\t\t\t\t\t\t\t<\/div>\n\t\t","protected":false},"excerpt":{"rendered":"<p>L\u00b4Associaci\u00f3 de comer\u00e7 i turisme de la Vall de Camprodon \u00e9s una entitat constitu\u00efda per la integraci\u00f3 volunt\u00e0ria de qualsevol persona o empresa que dugui a terme qualsevol activitat econ\u00f2mica amb establiment fix a la Vall de Camprodon. La seva finalitat \u00e9s la de representar, gestionar i defensar, aix\u00ed com fomentar els interessos comuns dels [&hellip;]<\/p>\n","protected":false},"author":2,"featured_media":0,"parent":0,"menu_order":0,"comment_status":"closed","ping_status":"closed","template":"","meta":{"_monsterinsights_skip_tracking":false,"_monsterinsights_sitenote_active":false,"_monsterinsights_sitenote_note":"","_monsterinsights_sitenote_category":0,"footnotes":""},"class_list":["post-1924","page","type-page","status-publish","hentry"],"aioseo_notices":[],"_links":{"self":[{"href":"https:\/\/lavalldecamprodon.com\/index.php?rest_route=\/wp\/v2\/pages\/1924","targetHints":{"allow":["GET"]}}],"collection":[{"href":"https:\/\/lavalldecamprodon.com\/index.php?rest_route=\/wp\/v2\/pages"}],"about":[{"href":"https:\/\/lavalldecamprodon.com\/index.php?rest_route=\/wp\/v2\/types\/page"}],"author":[{"embeddable":true,"href":"https:\/\/lavalldecamprodon.com\/index.php?rest_route=\/wp\/v2\/users\/2"}],"replies":[{"embeddable":true,"href":"https:\/\/lavalldecamprodon.com\/index.php?rest_route=%2Fwp%2Fv2%2Fcomments&post=1924"}],"version-history":[{"count":12,"href":"https:\/\/lavalldecamprodon.com\/index.php?rest_route=\/wp\/v2\/pages\/1924\/revisions"}],"predecessor-version":[{"id":1939,"href":"https:\/\/lavalldecamprodon.com\/index.php?rest_route=\/wp\/v2\/pages\/1924\/revisions\/1939"}],"wp:attachment":[{"href":"https:\/\/lavalldecamprodon.com\/index.php?rest_route=%2Fwp%2Fv2%2Fmedia&parent=1924"}],"curies":[{"name":"wp","href":"https:\/\/api.w.org\/{rel}","templated":true}]}}

<div data-elementor-type="wp-page" data-elementor-id="1924" class="elementor elementor-1924">
							<div class="elementor-element elementor-element-5a480eb0 e-con-full e-flex e-con e-parent" data-id="5a480eb0" data-element_type="container" data-settings="{&quot;content_width&quot;:&quot;full&quot;}" data-core-v316-plus="true">
				<div class="elementor-element elementor-element-3ab0de0e elementor-widget elementor-widget-text-editor" data-id="3ab0de0e" data-element_type="widget" data-widget_type="text-editor.default">
				<div class="elementor-widget-container">
			<style>/*! elementor - v3.17.0 - 08-11-2023 */
.elementor-widget-text-editor.elementor-drop-cap-view-stacked .elementor-drop-cap{background-color:#69727d;color:#fff}.elementor-widget-text-editor.elementor-drop-cap-view-framed .elementor-drop-cap{color:#69727d;border:3px solid;background-color:transparent}.elementor-widget-text-editor:not(.elementor-drop-cap-view-default) .elementor-drop-cap{margin-top:8px}.elementor-widget-text-editor:not(.elementor-drop-cap-view-default) .elementor-drop-cap-letter{width:1em;height:1em}.elementor-widget-text-editor .elementor-drop-cap{float:left;text-align:center;line-height:1;font-size:50px}.elementor-widget-text-editor .elementor-drop-cap-letter{display:inline-block}</style>				<p><!-- wp:paragraph --></p>
<p>L´Associació de comerç i turisme de la Vall de Camprodon és una entitat constituïda per la integració voluntària de qualsevol persona o empresa que dugui a terme qualsevol activitat econòmica amb establiment fix a la Vall de Camprodon.</p>
<p><!-- /wp:paragraph --></p>
<p><!-- wp:paragraph --></p>
<p>La seva finalitat és la de representar, gestionar i defensar, així com fomentar els interessos comuns dels seus membres. Localitzada a la Vall de Camprodon i tenint en compte la importància del sector econòmic del comerç i del turisme, aquesta Associació vetllarà també pel millor desenvolupament, la dinamització i la promoció de quantes activitats puguin afavorir aquest sector.</p>
<p><!-- /wp:paragraph --></p>
<p><!-- wp:paragraph --></p>
<p>Actualment l’entitat la composen gairebé 150 associats, té un àmbit d’actuació que s´està obrint a tota la Vall, i està gestionada per una Junta de 5 membres, tots ells compaginen les tasques pròpies de l’associació amb les dels seus establiments. Aquesta junta es complementa amb la col·laboració de l´AODL de Desenvolupament Rural de la Mancomunitat Intermunicipal de la Vall de Camprodon que té el seu pla de treball dirigit a donar suport tècnic a set entitats del territori.</p>
<p><strong>Descarrega&#8217;t el nostre llibret informatiu aquí:  <span style="text-decoration: underline;"><a href="http://lavalldecamprodon.online/wp-content/uploads/2023/11/Llibret_Camprodon.pdf">&gt;LINK DESCÀRREGA&lt;</a></span></strong></p>
<p><!-- /wp:paragraph --></p>						</div>
				</div>
				</div>
		<div class="elementor-element elementor-element-f40565d e-flex e-con-boxed e-con e-parent" data-id="f40565d" data-element_type="container" data-settings="{&quot;content_width&quot;:&quot;boxed&quot;}" data-core-v316-plus="true">
					<div class="e-con-inner">
				<div class="elementor-element elementor-element-6c45342 elementor-widget elementor-widget-image" data-id="6c45342" data-element_type="widget" data-widget_type="image.default">
				<div class="elementor-widget-container">
			<style>/*! elementor - v3.17.0 - 08-11-2023 */
.elementor-widget-image{text-align:center}.elementor-widget-image a{display:inline-block}.elementor-widget-image a img[src$=".svg"]{width:48px}.elementor-widget-image img{vertical-align:middle;display:inline-block}</style>												<img loading="lazy" decoding="async" width="1500" height="713" src="https://lavalldecamprodon.com/wp-content/uploads/2023/11/camprodon_riuter.jpg" class="attachment-1536x1536 size-1536x1536 wp-image-1925" alt="" srcset="https://lavalldecamprodon.com/wp-content/uploads/2023/11/camprodon_riuter.jpg 1500w, https://lavalldecamprodon.com/wp-content/uploads/2023/11/camprodon_riuter-300x143.jpg 300w, https://lavalldecamprodon.com/wp-content/uploads/2023/11/camprodon_riuter-1024x487.jpg 1024w, https://lavalldecamprodon.com/wp-content/uploads/2023/11/camprodon_riuter-768x365.jpg 768w, https://lavalldecamprodon.com/wp-content/uploads/2023/11/camprodon_riuter-450x214.jpg 450w, https://lavalldecamprodon.com/wp-content/uploads/2023/11/camprodon_riuter-700x333.jpg 700w, https://lavalldecamprodon.com/wp-content/uploads/2023/11/camprodon_riuter-600x285.jpg 600w" sizes="auto, (max-width: 1500px) 100vw, 1500px" />															</div>
				</div>
					</div>
				</div>
							</div>

<p>L´Associació de comerç i turisme de la Vall de Camprodon és una entitat constituïda per la integració voluntària de qualsevol persona o empresa que dugui a terme qualsevol activitat econòmica amb establiment fix a la Vall de Camprodon. La seva finalitat és la de representar, gestionar i defensar, així com fomentar els interessos comuns dels [&hellip;]</p>
